 prime factors of q(-2)?
3, 23, 131
Let u(h) be the second derivative of 7*h**3/3 + 543*h**2/2 - 34*h - 2. What are the prime factors of u(0)?
3, 181
What are the prime factors of (-28626)/(-15) + 6/(-15)*1?
2, 3, 53
Let u(c) be the second derivative of c**3/6 + 14*c**2 + 40*c. What are the prime factors of u(-9)?
19
Let y(l) = 176*l + 238. Let x(c) = -3*c. Let q(s) = -x(s) - y(s). What are the prime factors of q(-7)?
7, 139
Let m be 2 - (9 - 3 - 9). Suppose -m*c + 2*x + 6514 = 0, c = 2*c - x - 1304. What are the prime factors of c?
2, 3, 7, 31
Let s(a) = 4*a**3 + 2*a + 6. Let n be s(4). Suppose -41*x = -36*x + n. Let g = x - -200. What are the prime factors of g?
2, 73
Let r = 200 - 154. List the prime factors of (562/3)/(r/69).
281
Suppose -33*y + 37*y + 8 = 0. List the prime factors of y/(-9) + (-214120)/(-360).
5, 7, 17
Suppose 2*d + 4*j - 1460 = 0, d + d + j = 1445. Let r = 1071 - d. What are the prime factors of r?
3, 13
What are the prime factors of 50/(-2)*((-10)/(-35) - (-4316)/(-14))?
2, 5, 7, 11
Suppose 0 = -326*c + 332*c + 72. Let n(s) = -24 - 6*s - s + s + 5. List the prime factors of n(c).
53
Suppose 16*r + 28322 = -r. Let k = -74 - r. List the prime factors of k.
2, 199
Let i(y) = 157*y - 888. What are the prime factors of i(64)?
2, 5, 229
Let a(d) = d**2 + 12*d - 6. Let w be a(-18). Let l = 107 - w. What are the prime factors of (l/(-15))/(4/(-1380))?
5, 23
Suppose 3*q = 4*r - 27, 4*r + 5*q = 5*r - 28. Suppose -8*a = -r*a + t - 3401, 5*t + 1382 = 2*a. What are the prime factors of a?
3, 227
Suppose -4*w = 3*i - 121136, -151420 = -5*w + 683*i - 687*i. What are the prime factors of w?
2, 67, 113
Let t = 127 - 123. Suppose 0 = j - 10*g + 11*g - 573, 5*g = -t*j + 2288. What are the prime factors of j?
577
Let t = -75 - -75. Let w be t - (-4)/8*-230. List the prime factors of w*5/(-1 - 4).
5, 23
Let p = -91 + 94. Suppose p*j = 5*n + 1558, 3*j - 1551 = 5*n + 7*j. Let q = n - -445. List the prime factors of q.
2, 67
Suppose 22*t - 18*t - 28577 = -3*s, -5*t = -5*s + 47605. List the prime factors of s.
89, 107
Suppose 27*l = 41341 + 20651. List the prime factors of l.
2, 7, 41
Suppose -8*p + 17*p = 513. Suppose -4*t - 77 = 91. Let y = t + p. List the prime factors of y.
3, 5
Let p(f) be the third derivative of 7*f**5/30 + 9*f**4/4 + 13*f**3/6 - 97*f**2. List the prime factors of p(-12).
1381
Let p(k) = 8 - 10 + 14 + 19*k - 105*k. List the prime factors of p(-2).
2, 23
Suppose -3227 = 3*g + 5698. Let t = g - -4250. What are the prime factors of t?
3, 5, 17
Let l(x) = 211*x**2 + 32*x - 5. What are the prime factors of l(-4)?
3, 23, 47
Let w(o) = -2*o**3 - 3*o**2 + 23*o + 31. Let g(a) = -2*a**2 + 9*a - a**3 + 116 + 2*a - 101. Let u(s) = -9*g(s) + 4*w(s). What are the prime factors of u(-6)?
31
Let i(d) = -116*d + 347. Suppose c = 4*q - 7*q - 18, 4*c = -5*q - 30. What are the prime factors of i(q)?
7, 149
Suppose 0 = 16*j - 57*j + 164. Suppose -a = -3*n - 995 + 76, 3*a - j*n - 2757 = 0. List the prime factors of a.
919
Let q(f) = 156*f + 15. Let a be q(10). Suppose -x - a = 6*x. Let c = -117 - x. What are the prime factors of c?
2, 3
Suppose -13*d = 5*d + 2*d - 252980. List the prime factors of d.
7, 13, 139
Suppose 3*x = 86*g - 82*g + 5435, -4*x + 4*g + 7244 = 0. What are the prime factors of x?
3, 67
Suppose 5*c = 106*v - 104*v + 83501, 5*c + 3*v = 83511. What are the prime factors of c?
3, 19, 293
Suppose 30*b - 19*b = -121. Let g(m) = 2*m**2 + 4*m - 9. Let f be g(-7). Let t = f - b. What are the prime factors of t?
2, 3
Let b(i) = -15*i**3 + 5*i - 32. Let f be b(-5). List the prime factors of (2 + -4)*f/(-12).
3, 101
Suppose x - 8 = w, 2*x + 4*w - 38 = -x. Suppose x*s + 433 - 3253 = 0. List the prime factors of s.
2, 3, 47
Let a = -960 + 451. Let j = a + 941. What are the prime factors of j?
2, 3
Suppose -256675 = -90*y + 194109 - 88894. What are the prime factors of y?
4021
Suppose 5016 - 13636 = 20*r. Let u = 857 + r. What are the prime factors of u?
2, 3, 71
Let r be 123*(29/3 + (-2)/6). Let z = -189 + r. List the prime factors of z.
7, 137
Let u(x) be the first derivative of -87*x**2 + 2*x - 13. Let y be u(-1). Suppose 2*i - 6*i + y = 0. What are the prime factors of i?
2, 11
Suppose -16854 = -3*x + 4*k, 3*x = -26*k + 23*k + 16854. List the prime factors of x.
2, 53
Suppose 25387 = 14*r - 12*r + 6481. What are the prime factors of r?
3, 23, 137
Suppose -310 - 130 = 20*q. Let a = q - -253. List the prime factors of a.
3, 7, 11
Let p(n) = -6231*n - 3 - 5 + 6250*n - 2. Let l(v) = -4*v. Let z be l(-1). What are the prime factors of p(z)?
2, 3, 11
Suppose 2865 + 1416 = 5*x - 4*a, 3*a - 879 = -x. What are the prime factors of x?
3, 7, 41
Let q be (-6)/(-3)*(-9)/(-2). Let y = -25 - q. Let v = y - -61. List the prime factors of v.
3
Let c = 59 + -65. Let r be (-2)/(-4)*4 + 0 - c. List the prime factors of -9*(r/9)/((-2)/33).
2, 3, 11
Suppose 0 = -4*q - 2*o - 22, 5*o + 16 = -2*q + 9*o. Let w(p) = -67*p - 94. List the prime factors of w(q).
2, 7, 11
Let y(p) = 34*p - 148. Let g be y(4). Let r(t) = 2*t**2 - 21*t + 59. What are the prime factors of r(g)?
599
Let h be 2/(-7) - 60/35 - -914. Suppose 2*z - h = -2*l, -156 + 597 = l - 2*z. List the prime factors of l.
11, 41
Let r(q) be the second derivative of 0 - 3*q - q**3 - 1/20*q**5 - 11/2*q**2 - 5/12*q**4. List the prime factors of r(-5).
19
Let q = -28146 + 56158. List the prime factors of q.
2, 47, 149
Suppose -j - 196481 = -4*b, 9*j + 245597 = 5*b + 12*j. What are the prime factors of b?
2, 5, 307
Let r(d) = 2*d**2 + 10*d + 887. What are the prime factors of r(-29)?
43, 53
Suppose s = h + 1841, 8*s + 5*h = 3*s + 9195. Suppose -s = 32*r - 56720. List the prime factors of r.
5, 7
Suppose 2506*g - 2496*g - 36100 = 0. What are the prime factors of g?
2, 5, 19
Suppose -7 - 5 = -4*v. Suppose v*p + 0 = 6. List the prime factors of (-2)/p*(6/3 - 36).
2, 17
Let f = 94139 + -54712. List the prime factors of f.
89, 443
Suppose -44*b - 53*b = -878892 - 1139096. List the prime factors of b.
2, 7, 743
Suppose 0 - 8 = -2*z. Let m(i) = 2*i - 11*i + i**2 + z*i**3 - 4 + 3*i. What are the prime factors of m(3)?
5, 19
List the prime factors of 21*-3*(-2)/8*(-632620)/(-705).
3, 7, 673
Let w(y) = -y + 4. Let i be w(-7). List the prime factors of (i + -1732)*(-2 - -1).
1721
Suppose -168 = -4*d + 10*d. List the prime factors of (-4136)/(-12) + (d/(-12) - 2).
3, 5, 23
Let n(b) = -3*b - 4. Let p be n(9). Let c = 21 + p. Let i = 12 + c. What are the prime factors of i?
2
Suppose 4*y - 2 = -34. Let a be -2 + 215 - (-8)/y. Suppose z = -3*z + a. List the prime factors of z.
53
Let p(r) = -29*r**2 - 7*r + 5. Let y be p(2). Let a = y + 193. List the prime factors of a.
2, 17
Let y be 1/3*-12*(-5 + 0). Suppose -y*j - 7266 = -27*j. What are the prime factors of j?
2, 3, 173
Let v = 14 - 9. Suppose 9*x - v*x + 192 = 0. Let f = 59 + x. What are the prime factors of f?
11
Let y(i) = 98*i + 2981. What are the prime factors of y(110)?
3, 11, 139
Let h be (-13 - -13)/(1*3). Suppose 1934 = 3*j + a, h = 2*a - 3*a - 4. What are the prime factors of j?
2, 17, 19
Let i be -3 + 8 + (-1 - 4) + 6. Suppose 0 = i*m + 10*m - 3456. List the prime factors of m.
2, 3
Suppose -4*o = 652 + 1272. Let u = -74 - o. List the prime factors of u.
11, 37
Suppose -g = -3*c + 408 + 1423, 0 = -c - g + 617. What are the prime factors of c?
2, 3, 17
Let y(s) = 64*s**2 + 1657*s + 29. What are the prime factors of y(-29)?
2, 5, 29
Let j = -783 - -1055. Suppose 69*s - j = 65*s. List the prime factors of s.
2, 17
Suppose -2*u + 18 = 5*i, -3*u = 2*u - 20. Let a be (-2)/(-3) + i*2/3. Suppose 3*h = -4*z + 317, 86 = a*z - 5*h - 53. What are the prime factors of z?
7, 11
Let v(s) = -12*s**3 - 10*s**2 + 4*s - 2. Let f(h) = -h**2. Let y(z) = 8*f(z) - v(z). What are the prime factors of y(2)?
2, 7
Suppose 3661 = 2*f - 3*d, 0 = -3*f + 291*d - 286*d + 5489. List the prime factors of f.
2, 919
Let i(s) = 111 + 326 - 4*s - 17*s. What are the prime factors of i(0)?
19, 23
Let g(p) = -6*p**2 - 20*p + 95. Let r be g(19). Let i = -1122 - r. List the prime factors of i.
3, 443
Suppose 3*k - 2*h - 8890 = 0, -2*k + 50*h + 5924 = 46*h. What are the prime factors of k?
2, 3, 13, 19
Suppose -2 = 2*p + 3*j - j, -2*j = 0. What are the prime factors of (193/(-3) + 3)*(-5 + p)?
2, 